)/(z/7).
2, 3
Let x(v) = 18*v - 37. Let z(p) = 27*p - 55. Let n(d) = 7*x(d) - 5*z(d). Let t be n(13). Let u = t + 183. What are the prime factors of u?
2, 41
Suppose -5*u + 18851 = -2*a, -21*u = -20*u - a - 3772. List the prime factors of u.
3769
Let r(n) be the first derivative of 0*n**2 + n**3 - 2*n + 5/4*n**4 - 10. List the prime factors of r(2).
2, 5
List the prime factors of (-207)/(-6)*(-2 - -4).
3, 23
Let m(r) = r**3 + 4*r**2 + 586. List the prime factors of m(0).
2, 293
Let h(v) = -16*v**2 - v + 12. Let p(q) = -15*q**2 - q + 11. Let z(u) = 6*h(u) - 7*p(u). What are the prime factors of z(-5)?
5, 43
Suppose 27*y - 10490 = 13405. What are the prime factors of y?
3, 5, 59
Suppose 5*n = 5*z - z + 21, 0 = -z + 3*n - 7. What are the prime factors of (2 + 2 + z)/1 + 17?
17
Let y(o) = 2*o**2 - 20. Let m be y(10). Suppose -2*s = l - m, -4*l + 3*l - 5*s = -195. List the prime factors of l.
2, 5, 17
Let u(n) = n**3 - 9*n + 1. List the prime factors of u(7).
281
Suppose 2*f + g - 388 = 0, 0 = -2*f - 14*g + 17*g + 388. List the prime factors of f.
2, 97
Let r(g) be the first derivative of -g**3/3 - 15*g**2/2 + 28*g - 22. What are the prime factors of r(-13)?
2, 3
What are the prime factors of 4/(-24) + 1742/12?
5, 29
Suppose 3*b = -2*t - b + 34, -b + 51 = 3*t. Suppose 2*k - 3*h - t = 0, 24 = k - 4*h + 8. What are the prime factors of k?
2
Let a = 31 + -28. Suppose 5*c - l - 2 = -1, 5*c - a = 3*l. Suppose c = -5*s + 35 + 45. List the prime factors of s.
2
Let u(y) = -y**2 + 13*y - 13. Let b be 3 + -4 - (-4 - 1). Let w be b/10 - (-53)/5. What are the prime factors of u(w)?
3
Let k = -67 - -74. Suppose -6 - 204 = -k*i. List the prime factors of i.
2, 3, 5
Suppose 5*k + 3*n = -0*k + 37, n = 3*k - 11. Suppose 10*h = k*h. Suppose -a = -2*y + 7*y - 43, h = 5*y - a - 47. List the prime factors of y.
3
Let r = 99 + -94. Suppose -4*y = -3*q + 50, r*q = -0*y - 4*y + 94. List the prime factors of q.
2, 3
Let j(n) = -3*n**3 - n**2 + 1. Let g be j(-1). Suppose 8*s - g*s - 45 = 0. Let l = s - 1. What are the prime factors of l?
2
Let d(x) = -20*x - 4. Let u be d(9). Let y = -805 - u. What are the prime factors of 1/(-4) + y/(-36)?
17
Let s(u) = 41*u**2 + 19*u + 10. What are the prime factors of s(-4)?
2, 5, 59
Let h = -61 - -66. What are the prime factors of (-2)/4*(-165 - (0 + h))?
5, 17
Let m(u) = -u**2 - 13*u - 12. Let o be m(-10). Let v be (-1130)/(-12) + (-3)/o. Suppose 0 = -9*b + 454 - v. What are the prime factors of b?
2, 5
List the prime factors of 5 - (-1437)/5 - 22/55.
2, 73
Suppose -8*x + 2*f + 8000 = -3*x, -5*f = x - 1627. List the prime factors of x.
2, 3, 89
Let d = -752 + -1498. List the prime factors of ((-24)/10)/(27/d).
2, 5
Let s(j) = 21*j + 311. What are the prime factors of s(39)?
2, 5, 113
Let x be ((-2)/12*-8)/((-4)/(-96)). Suppose -31*j = -x*j + 48. List the prime factors of j.
2, 3
Let v(g) = -4*g**3 - g**2 + g + 1. Let c be v(-1). Suppose f + 100 = 3*u - 14, u + c*f = 38. List the prime factors of u.
2, 19
Let v(k) = -k**3 + 8*k**2 + 4*k - 15. Let l be v(6). Suppose -4*b + 541 - l = 0. List the prime factors of b.
5, 23
Suppose k + 17 = 3*k - 3*d, 5 = -5*d. Suppose -x = -k*x + 24. List the prime factors of x.
2
Let x = -56 + 61. Suppose l - 792 = -x*l. What are the prime factors of l?
2, 3, 11
Let a(w) = -3*w - 19. Let g(i) = i**2 + 9*i - 1. Let u(m) = 2*m**3 - 11*m**2 + 3*m + 2. Let b be u(5). Let t be g(b). What are the prime factors of a(t)?
2
Let d be (-2 - -70)*(0 - -1). Suppose -d = -u - 6. What are the prime factors of u?
2, 31
Let s(x) = x**3 + 9*x**2 + 7*x - 5. Let a be 72/30*(-40)/12. Let c be s(a). Suppose -2*r + 10 = -4*r, -c*n + 4*r + 95 = 0. List the prime factors of n.
5
Let q be (4/6)/((-4)/(-18)). Suppose q*g - 131 - 100 = 0. Suppose -3*d + 6*d = 5*c + g, d - 15 = -c. What are the prime factors of d?
19
Suppose 0 = 7*o - 5467 - 1596. List the prime factors of o.
1009
Suppose 4*g = 4*l - 956, 0*l - 1189 = -5*l + 3*g. Suppose -5*b = -5*d - 265, 4*b + d + 3*d = l. What are the prime factors of b?
2, 7
Let z = 127 + -35. Suppose 0 = -4*a + 575 - 39. Let r = a - z. List the prime factors of r.
2, 3, 7
Suppose -5*l + 4*w = -4204, -1676 = l - 3*l + 3*w. List the prime factors of l.
2, 211
Let f = 168 - -375. List the prime factors of f.
3, 181
Suppose m - 11 = -5*b, b = 3*b - 4*m. Suppose 2*w + 2*w = -5*q + 429, 2*w = b*q + 192. What are the prime factors of w?
101
Let g(i) = 15*i - 7. Let q be g(3). Let r = 211 - q. What are the prime factors of r?
173
Let i = -17 + 25. List the prime factors of 404/6 + 5/60*i.
2, 17
Let d(b) = b**3 + 7*b**2 + 12*b + 4. Let m be d(-3). What are the prime factors of 18/(-3)*(-14)/m?
3, 7
Let v = -111 - -109. Let b be (-4)/1 + 2 - -76. What are the prime factors of -2 - 0 - b/v?
5, 7
Suppose 0 = 27*i + 26*i - 76638. List the prime factors of i.
2, 3, 241
Let d(c) = -16*c - 19. Let s(v) = 63*v + 76. Let n(j) = -9*d(j) - 2*s(j). List the prime factors of n(9).
181
Let f(c) = -6*c - 5. Let r be f(-3). Suppose -4*p + 311 + r = 2*u, -2*u + 4*p = -364. List the prime factors of u.
2, 43
Let m(v) = -v**2 - v - 1. Let i(u) = 21*u**2 - 3*u - 4. Let a(q) = i(q) - 3*m(q). Let l be 3/(-5) + (-40)/100. What are the prime factors of a(l)?
23
Suppose -4*b - 622 = -6. Let t = -91 - b. List the prime factors of t.
3, 7
Let y(r) be the third derivative of r**6/720 + 37*r**5/120 - r**4/12 - 5*r**2. Let s(u) be the second derivative of y(u). List the prime factors of s(0).
37
Let y(v) = -11*v + 3 + 6*v - 3. Let t be y(-2). Suppose 5*s - t*s + 45 = 0. What are the prime factors of s?
3
Let a(u) = 73*u**2 - 4*u - 34. List the prime factors of a(-3).
5, 127
Let p be 123 - ((-6 - -4) + 5). Suppose -p = -4*o - o. List the prime factors of o.
2, 3
Suppose -12 = -9*u + 3*u. List the prime factors of 189/u + (-6)/(-4).
2, 3
Let f = 25 + 3. Let u = f + -22. List the prime factors of u.
2, 3
Let p = -1 + 4. Suppose 0*r + 166 = p*r + 2*z, -4*r - 5*z = -219. List the prime factors of r.
2, 7
Let o(f) = -742*f + 740. List the prime factors of o(-6).
2, 11, 59
Let q(u) = 53*u - 12. What are the prime factors of q(17)?
7, 127
Let b be 5/10*(-5 - -5). Suppose b = n + 3*n - 152. What are the prime factors of n?
2, 19
Let n be 12/(-15)*(-14 - -4). Let x(q) = -q**3 + 9*q**2 - 9*q + 7. Let s be x(n). What are the prime factors of (-13)/((-3)/(s - -4))?
13
Let o = 38 + -36. Suppose 18 = 2*f + o*l - 70, -2*f + 2*l + 96 = 0. What are the prime factors of f?
2, 23
Let s = 2460 - 1384. List the prime factors of s.
2, 269
Let c(n) = n**2. Let d be c(1). Suppose -3*a = -5*z + 1, 3*a + d - 2 = 4*z. Suppose -z*k + 50 = 18. List the prime factors of k.
2
Let w(h) = -10*h + 588. What are the prime factors of w(0)?
2, 3, 7
Let h be (24/(-10))/(3/10)*4. List the prime factors of (82/(-8))/(8/h).
41
Let a = -106 - -156. Suppose 3*b - 109 = a. List the prime factors of b.
53
Suppose 2*i - 42 = 4*i. Let l = i + 26. Suppose -20 = l*z, 0*f + 4*f - z - 44 = 0. What are the prime factors of f?
2, 5
Let y be (-8)/(-60) - (266/(-15))/2. Let o(s) = -2*s**3 + 19*s**2 - s - 11. List the prime factors of o(y).
61
List the prime factors of (-2)/((-16)/(-56) - 2434/8470).
2, 5, 11
Let c(k) = k - 7. Let t be c(7). Suppose -m = 2*l + m - 12, t = -5*l + m + 6. Suppose -16 = -l*n - 4. List the prime factors of n.
2, 3
Let s(x) = 9*x**2 - 4*x + 6. Let h = -87 + 84. List the prime factors of s(h).
3, 11
Suppose 25*a = 16*a + 41229. List the prime factors of a.
3, 509
Let r(b) = -10*b - 98. Let j be r(-22). Suppose -402 = j*l - 124*l. What are the prime factors of l?
3, 67
Suppose 0 = 3*c + f + 5 + 1, 0 = -5*c + f - 18. Let i(l) = -l**3 - 4*l**2 - 4*l. Let x be i(c). Suppose 24 = -0*u + x*u. List the prime factors of u.
2
Let j be -3 + (-8)/12*-6. List the prime factors of j/(-1) - (-147)/3.
2, 3
Suppose -4*o + 3*v = -17187, 5*v - 6974 = -o - 2683. What are the prime factors of o?
2, 3, 179
Let x = 28 + -15. Let y(l) = l**2 + l + 1. Let a(q) = -q**3 + 6*q**2 + 11*q - 18. Let k(d) = a(d) + 6*y(d). List the prime factors of k(x).
2, 5
Let y be 4/(-10) + 672/5. Suppose y = 4*s - 102. What are the prime factors of s?
59
Let s = 1780 - 469. List the prime factors of s.
3, 19, 23
Suppose -50963 = -17*s - 12781. List the prime factors of s.
2, 1123
Suppose -5 = -4*y - y